{"id":817,"date":"2017-01-30T22:51:07","date_gmt":"2017-01-30T21:51:07","guid":{"rendered":"http:\/\/www.judohermee.be\/wp-content\/uploads\/2016\/12\/Judo-Herm\u00e9e-215-of-247.jpg"},"modified":"2017-01-30T22:51:07","modified_gmt":"2017-01-30T21:51:07","slug":"judo-hermee-215-of-247-2","status":"inherit","type":"attachment","link":"http:\/\/www.judohermee.be\/index.php\/en-pratique\/judo-hermee-215-of-247-2\/","title":{"rendered":"Judo Herm\u00e9e (215 of 247)"},"author":1,"comment_status":"open","ping_status":"closed","template":"","meta":[],"description":{"rendered":"<p class=\"attachment\"><a href='http:\/\/www.judohermee.be\/wp-content\/uploads\/2016\/12\/Judo-Herm\u00e9e-215-of-247.jpg'><img width=\"300\" height=\"200\" src=\"http:\/\/www.judohermee.be\/wp-content\/uploads\/2016\/12\/Judo-Herm\u00e9e-215-of-247-300x200.jpg\" class=\"attachment-medium size-medium\" alt=\"\" decoding=\"async\" loading=\"lazy\" srcset=\"http:\/\/www.judohermee.be\/wp-content\/uploads\/2016\/12\/Judo-Herm\u00e9e-215-of-247-300x200.jpg 300w, http:\/\/www.judohermee.be\/wp-content\/uploads\/2016\/12\/Judo-Herm\u00e9e-215-of-247-768x512.jpg 768w, http:\/\/www.judohermee.be\/wp-content\/uploads\/2016\/12\/Judo-Herm\u00e9e-215-of-247.jpg 800w\" sizes=\"(max-width: 300px) 100vw, 300px\" \/><\/a><\/p>\n"},"caption":{"rendered":""},"alt_text":"","media_type":"image","mime_type":"image\/jpeg","media_details":{"width":800,"height":533,"file":"2016\/12\/Judo-Herm\u00e9e-215-of-247.jpg","sizes":{"thumbnail":{"file":"Judo-Herm\u00e9e-215-of-247-150x150.jpg","width":150,"height":150,"mime_type":"image\/jpeg","source_url":"http:\/\/www.judohermee.be\/wp-content\/uploads\/2016\/12\/Judo-Herm\u00e9e-215-of-247-150x150.jpg"},"medium":{"file":"Judo-Herm\u00e9e-215-of-247-300x200.jpg","width":300,"height":200,"mime_type":"image\/jpeg","source_url":"http:\/\/www.judohermee.be\/wp-content\/uploads\/2016\/12\/Judo-Herm\u00e9e-215-of-247-300x200.jpg"},"medium_large":{"file":"Judo-Herm\u00e9e-215-of-247-768x512.jpg","width":768,"height":512,"mime_type":"image\/jpeg","source_url":"http:\/\/www.judohermee.be\/wp-content\/uploads\/2016\/12\/Judo-Herm\u00e9e-215-of-247-768x512.jpg"},"leaf_thumb_80x80":{"file":"Judo-Herm\u00e9e-215-of-247-80x80.jpg","width":80,"height":80,"mime_type":"image\/jpeg","source_url":"http:\/\/www.judohermee.be\/wp-content\/uploads\/2016\/12\/Judo-Herm\u00e9e-215-of-247-80x80.jpg"},"leaf_thumb_409x258":{"file":"Judo-Herm\u00e9e-215-of-247-409x258.jpg","width":409,"height":258,"mime_type":"image\/jpeg","source_url":"http:\/\/www.judohermee.be\/wp-content\/uploads\/2016\/12\/Judo-Herm\u00e9e-215-of-247-409x258.jpg"},"leaf_thumb_262x183":{"file":"Judo-Herm\u00e9e-215-of-247-262x183.jpg","width":262,"height":183,"mime_type":"image\/jpeg","source_url":"http:\/\/www.judohermee.be\/wp-content\/uploads\/2016\/12\/Judo-Herm\u00e9e-215-of-247-262x183.jpg"},"leaf_thumb_524x366":{"file":"Judo-Herm\u00e9e-215-of-247-524x366.jpg","width":524,"height":366,"mime_type":"image\/jpeg","source_url":"http:\/\/www.judohermee.be\/wp-content\/uploads\/2016\/12\/Judo-Herm\u00e9e-215-of-247-524x366.jpg"},"thumb_360x165":{"file":"Judo-Herm\u00e9e-215-of-247-360x165.jpg","width":360,"height":165,"mime_type":"image\/jpeg","source_url":"http:\/\/www.judohermee.be\/wp-content\/uploads\/2016\/12\/Judo-Herm\u00e9e-215-of-247-360x165.jpg"},"sportcenter_thumb_500x500":{"file":"Judo-Herm\u00e9e-215-of-247-500x500.jpg","width":500,"height":500,"mime_type":"image\/jpeg","source_url":"http:\/\/www.judohermee.be\/wp-content\/uploads\/2016\/12\/Judo-Herm\u00e9e-215-of-247-500x500.jpg"},"sportcenter_thumb_555x472":{"file":"Judo-Herm\u00e9e-215-of-247-555x472.jpg","width":555,"height":472,"mime_type":"image\/jpeg","source_url":"http:\/\/www.judohermee.be\/wp-content\/uploads\/2016\/12\/Judo-Herm\u00e9e-215-of-247-555x472.jpg"},"sportcenter_thumb_177x177":{"file":"Judo-Herm\u00e9e-215-of-247-177x177.jpg","width":177,"height":177,"mime_type":"image\/jpeg","source_url":"http:\/\/www.judohermee.be\/wp-content\/uploads\/2016\/12\/Judo-Herm\u00e9e-215-of-247-177x177.jpg"},"full":{"file":"Judo-Herm\u00e9e-215-of-247.jpg","width":800,"height":533,"mime_type":"image\/jpeg","source_url":"http:\/\/www.judohermee.be\/wp-content\/uploads\/2016\/12\/Judo-Herm\u00e9e-215-of-247.jpg"}},"image_meta":{"aperture":"2.8","credit":"DEJACE DIDIER","camera":"NIKON D4","caption":"","created_timestamp":"1480176219","copyright":"DEJACE DIDIER","focal_length":"70","iso":"2800","shutter_speed":"0.002","title":"","orientation":"0","keywords":["Comp\u00e9tition judo","Judo Team Herm\u00e9e","Nicolas","inter-\u00e9quipes","judo"]}},"post":70,"source_url":"http:\/\/www.judohermee.be\/wp-content\/uploads\/2016\/12\/Judo-Herm\u00e9e-215-of-247.jpg","_links":{"self":[{"href":"http:\/\/www.judohermee.be\/index.php\/wp-json\/wp\/v2\/media\/817"}],"collection":[{"href":"http:\/\/www.judohermee.be\/index.php\/wp-json\/wp\/v2\/media"}],"about":[{"href":"http:\/\/www.judohermee.be\/index.php\/wp-json\/wp\/v2\/types\/attachment"}],"author":[{"embeddable":true,"href":"http:\/\/www.judohermee.be\/index.php\/wp-json\/wp\/v2\/users\/1"}],"replies":[{"embeddable":true,"href":"http:\/\/www.judohermee.be\/index.php\/wp-json\/wp\/v2\/comments?post=817"}]}}

http://www.judohermee.be/wp-content/uploads/2016/12/Judo-Hermée-215-of-247.jpg

Judo Hermée (215 of 247)

<p class="attachment"><a href='http://www.judohermee.be/wp-content/uploads/2016/12/Judo-Hermée-215-of-247.jpg'><img width="300" height="200" src="http://www.judohermee.be/wp-content/uploads/2016/12/Judo-Hermée-215-of-247-300x200.jpg" class="attachment-medium size-medium" alt="" decoding="async" loading="lazy" srcset="http://www.judohermee.be/wp-content/uploads/2016/12/Judo-Hermée-215-of-247-300x200.jpg 300w, http://www.judohermee.be/wp-content/uploads/2016/12/Judo-Hermée-215-of-247-768x512.jpg 768w, http://www.judohermee.be/wp-content/uploads/2016/12/Judo-Hermée-215-of-247.jpg 800w" sizes="(max-width: 300px) 100vw, 300px" /></a></p>

2016/12/Judo-Hermée-215-of-247.jpg

Judo-Hermée-215-of-247-150x150.jpg

http://www.judohermee.be/wp-content/uploads/2016/12/Judo-Hermée-215-of-247-150x150.jpg

Judo-Hermée-215-of-247-300x200.jpg

http://www.judohermee.be/wp-content/uploads/2016/12/Judo-Hermée-215-of-247-300x200.jpg

Judo-Hermée-215-of-247-768x512.jpg

http://www.judohermee.be/wp-content/uploads/2016/12/Judo-Hermée-215-of-247-768x512.jpg

Judo-Hermée-215-of-247-80x80.jpg

http://www.judohermee.be/wp-content/uploads/2016/12/Judo-Hermée-215-of-247-80x80.jpg

Judo-Hermée-215-of-247-409x258.jpg

http://www.judohermee.be/wp-content/uploads/2016/12/Judo-Hermée-215-of-247-409x258.jpg

Judo-Hermée-215-of-247-262x183.jpg

http://www.judohermee.be/wp-content/uploads/2016/12/Judo-Hermée-215-of-247-262x183.jpg

Judo-Hermée-215-of-247-524x366.jpg

http://www.judohermee.be/wp-content/uploads/2016/12/Judo-Hermée-215-of-247-524x366.jpg

Judo-Hermée-215-of-247-360x165.jpg

http://www.judohermee.be/wp-content/uploads/2016/12/Judo-Hermée-215-of-247-360x165.jpg

Judo-Hermée-215-of-247-500x500.jpg

http://www.judohermee.be/wp-content/uploads/2016/12/Judo-Hermée-215-of-247-500x500.jpg

Judo-Hermée-215-of-247-555x472.jpg

http://www.judohermee.be/wp-content/uploads/2016/12/Judo-Hermée-215-of-247-555x472.jpg

Judo-Hermée-215-of-247-177x177.jpg

http://www.judohermee.be/wp-content/uploads/2016/12/Judo-Hermée-215-of-247-177x177.jpg

Judo-Hermée-215-of-247.jpg

Compétition judo

Judo Team Hermée

inter-équipes
