{"id":981,"date":"2017-06-03T20:12:20","date_gmt":"2017-06-03T18:12:20","guid":{"rendered":"http:\/\/www.judohermee.be\/wp-content\/uploads\/2017\/06\/Compe\u0301tition-Herme\u0301e-2017-43-of-53.jpg"},"modified":"2017-06-03T20:12:20","modified_gmt":"2017-06-03T18:12:20","slug":"competition-hermee-2017-43-of-53","status":"inherit","type":"attachment","link":"http:\/\/www.judohermee.be\/index.php\/photos-hermee-cup-2017\/competition-hermee-2017-43-of-53\/","title":{"rendered":"Compe\u0301tition Herme\u0301e 2017 (43 of 53)"},"author":1,"comment_status":"open","ping_status":"closed","template":"","meta":[],"description":{"rendered":"<p class=\"attachment\"><a href='http:\/\/www.judohermee.be\/wp-content\/uploads\/2017\/06\/Compe\u0301tition-Herme\u0301e-2017-43-of-53.jpg'><img width=\"300\" height=\"200\" src=\"http:\/\/www.judohermee.be\/wp-content\/uploads\/2017\/06\/Compe\u0301tition-Herme\u0301e-2017-43-of-53-300x200.jpg\" class=\"attachment-medium size-medium\" alt=\"\" decoding=\"async\" loading=\"lazy\" srcset=\"http:\/\/www.judohermee.be\/wp-content\/uploads\/2017\/06\/Compe\u0301tition-Herme\u0301e-2017-43-of-53-300x200.jpg 300w, http:\/\/www.judohermee.be\/wp-content\/uploads\/2017\/06\/Compe\u0301tition-Herme\u0301e-2017-43-of-53-768x511.jpg 768w, http:\/\/www.judohermee.be\/wp-content\/uploads\/2017\/06\/Compe\u0301tition-Herme\u0301e-2017-43-of-53-1024x682.jpg 1024w\" sizes=\"(max-width: 300px) 100vw, 300px\" \/><\/a><\/p>\n"},"caption":{"rendered":""},"alt_text":"","media_type":"image","mime_type":"image\/jpeg","media_details":{"width":4928,"height":3280,"file":"2017\/06\/Compe\u0301tition-Herme\u0301e-2017-43-of-53.jpg","sizes":{"thumbnail":{"file":"Compe\u0301tition-Herme\u0301e-2017-43-of-53-150x150.jpg","width":150,"height":150,"mime_type":"image\/jpeg","source_url":"http:\/\/www.judohermee.be\/wp-content\/uploads\/2017\/06\/Compe\u0301tition-Herme\u0301e-2017-43-of-53-150x150.jpg"},"medium":{"file":"Compe\u0301tition-Herme\u0301e-2017-43-of-53-300x200.jpg","width":300,"height":200,"mime_type":"image\/jpeg","source_url":"http:\/\/www.judohermee.be\/wp-content\/uploads\/2017\/06\/Compe\u0301tition-Herme\u0301e-2017-43-of-53-300x200.jpg"},"medium_large":{"file":"Compe\u0301tition-Herme\u0301e-2017-43-of-53-768x511.jpg","width":768,"height":511,"mime_type":"image\/jpeg","source_url":"http:\/\/www.judohermee.be\/wp-content\/uploads\/2017\/06\/Compe\u0301tition-Herme\u0301e-2017-43-of-53-768x511.jpg"},"large":{"file":"Compe\u0301tition-Herme\u0301e-2017-43-of-53-1024x682.jpg","width":1024,"height":682,"mime_type":"image\/jpeg","source_url":"http:\/\/www.judohermee.be\/wp-content\/uploads\/2017\/06\/Compe\u0301tition-Herme\u0301e-2017-43-of-53-1024x682.jpg"},"leaf_thumb_80x80":{"file":"Compe\u0301tition-Herme\u0301e-2017-43-of-53-80x80.jpg","width":80,"height":80,"mime_type":"image\/jpeg","source_url":"http:\/\/www.judohermee.be\/wp-content\/uploads\/2017\/06\/Compe\u0301tition-Herme\u0301e-2017-43-of-53-80x80.jpg"},"leaf_thumb_409x258":{"file":"Compe\u0301tition-Herme\u0301e-2017-43-of-53-409x258.jpg","width":409,"height":258,"mime_type":"image\/jpeg","source_url":"http:\/\/www.judohermee.be\/wp-content\/uploads\/2017\/06\/Compe\u0301tition-Herme\u0301e-2017-43-of-53-409x258.jpg"},"leaf_thumb_262x183":{"file":"Compe\u0301tition-Herme\u0301e-2017-43-of-53-262x183.jpg","width":262,"height":183,"mime_type":"image\/jpeg","source_url":"http:\/\/www.judohermee.be\/wp-content\/uploads\/2017\/06\/Compe\u0301tition-Herme\u0301e-2017-43-of-53-262x183.jpg"},"leaf_thumb_524x366":{"file":"Compe\u0301tition-Herme\u0301e-2017-43-of-53-524x366.jpg","width":524,"height":366,"mime_type":"image\/jpeg","source_url":"http:\/\/www.judohermee.be\/wp-content\/uploads\/2017\/06\/Compe\u0301tition-Herme\u0301e-2017-43-of-53-524x366.jpg"},"thumb_360x165":{"file":"Compe\u0301tition-Herme\u0301e-2017-43-of-53-360x165.jpg","width":360,"height":165,"mime_type":"image\/jpeg","source_url":"http:\/\/www.judohermee.be\/wp-content\/uploads\/2017\/06\/Compe\u0301tition-Herme\u0301e-2017-43-of-53-360x165.jpg"},"sportcenter_thumb_500x500":{"file":"Compe\u0301tition-Herme\u0301e-2017-43-of-53-500x500.jpg","width":500,"height":500,"mime_type":"image\/jpeg","source_url":"http:\/\/www.judohermee.be\/wp-content\/uploads\/2017\/06\/Compe\u0301tition-Herme\u0301e-2017-43-of-53-500x500.jpg"},"sportcenter_thumb_555x472":{"file":"Compe\u0301tition-Herme\u0301e-2017-43-of-53-555x472.jpg","width":555,"height":472,"mime_type":"image\/jpeg","source_url":"http:\/\/www.judohermee.be\/wp-content\/uploads\/2017\/06\/Compe\u0301tition-Herme\u0301e-2017-43-of-53-555x472.jpg"},"sportcenter_thumb_177x177":{"file":"Compe\u0301tition-Herme\u0301e-2017-43-of-53-177x177.jpg","width":177,"height":177,"mime_type":"image\/jpeg","source_url":"http:\/\/www.judohermee.be\/wp-content\/uploads\/2017\/06\/Compe\u0301tition-Herme\u0301e-2017-43-of-53-177x177.jpg"},"full":{"file":"Compe\u0301tition-Herme\u0301e-2017-43-of-53.jpg","width":4928,"height":3280,"mime_type":"image\/jpeg","source_url":"http:\/\/www.judohermee.be\/wp-content\/uploads\/2017\/06\/Compe\u0301tition-Herme\u0301e-2017-43-of-53.jpg"}},"image_meta":{"aperture":"2.8","credit":"DEJACE DIDIER","camera":"NIKON D4","caption":"","created_timestamp":"1494789273","copyright":"DEJACE DIDIER","focal_length":"27","iso":"400","shutter_speed":"0.033333333333333","title":"","orientation":"0","keywords":["Comp\u00e9tition judo","Judo Team Herm\u00e9e","comp\u00e9tition enfants","judo"]}},"post":971,"source_url":"http:\/\/www.judohermee.be\/wp-content\/uploads\/2017\/06\/Compe\u0301tition-Herme\u0301e-2017-43-of-53.jpg","_links":{"self":[{"href":"http:\/\/www.judohermee.be\/index.php\/wp-json\/wp\/v2\/media\/981"}],"collection":[{"href":"http:\/\/www.judohermee.be\/index.php\/wp-json\/wp\/v2\/media"}],"about":[{"href":"http:\/\/www.judohermee.be\/index.php\/wp-json\/wp\/v2\/types\/attachment"}],"author":[{"embeddable":true,"href":"http:\/\/www.judohermee.be\/index.php\/wp-json\/wp\/v2\/users\/1"}],"replies":[{"embeddable":true,"href":"http:\/\/www.judohermee.be\/index.php\/wp-json\/wp\/v2\/comments?post=981"}]}}

Compétition judo

Judo Team Hermée

compétition enfants
